8. List the prime factors of x.
1283
Let a(z) = -55*z - 3. Let x(m) = -28*m - 2. Let s(t) = -4*a(t) + 9*x(t). What are the prime factors of s(-2)?
2, 29
Suppose 0 = 2*u - 910 - 102. What are the prime factors of u?
2, 11, 23
Suppose a - 4*f - 60 = 0, 4*a = 4*f + 262 - 10. What are the prime factors of a?
2
Suppose 33*d + 9238 = 41512. What are the prime factors of d?
2, 3, 163
Suppose 4*s + 3*w = 2 + 6, -3*s - 5*w + 17 = 0. Let u = 3 + s. Let o(p) = 4*p - 1. List the prime factors of o(u).
7
Suppose -a = 3*a + 20, 0 = -3*m - 5*a - 40. Let q be ((-15)/(-6))/(m/(-10)). Suppose -q*g + g = -176. List the prime factors of g.
2, 11
Suppose -5*q + 5*h = h + 107, -3*q - 61 = -4*h. Let t = q - -76. List the prime factors of t.
53
Let n be (-120)/(-6)*(-416)/(-20). Suppose -3*v + u + 352 = 0, -5*v - 5*u + 204 = -n. What are the prime factors of v?
7, 17
List the prime factors of (-90516)/(-24) + (0 - (-2)/4).
2, 23, 41
Let d(z) = 9*z**2 + 2*z + 1. Let b be d(-1). Suppose l + b = 2*l. Suppose -13 - l = -3*u. List the prime factors of u.
7
Let j(p) = p**2 + 8*p + 4. Let z be j(-7). Let w(t) = t**2 - t - 4*t + 2 + 7*t. List the prime factors of w(z).
5
Let q = -5 - -6. What are the prime factors of ((-9)/9)/(q/(101*-1))?
101
Let y be 0 + -4 + 2 - 1. Let u(a) = -a**2 + a - 17. Let x be u(0). Let c = y - x. List the prime factors of c.
2, 7
Suppose -4*i - 3*x = -17, -3*x - 2*x = -i - 13. Suppose 30 = -i*h + 58. List the prime factors of h.
2, 7
Suppose 70 - 250 = -6*n. List the prime factors of n.
2, 3, 5
Suppose -66*d + 178417 + 128879 = 0. List the prime factors of d.
2, 3, 97
Suppose -2331 = -17*p + 8056. What are the prime factors of p?
13, 47
Suppose -2*n + 14 - 6 = 0. Suppose 0 = 4*h + 5*j + 587, -n*h + 3*j - 295 = 332. What are the prime factors of (-1102)/(-18) - (-34)/h?
61
Let f = -631 + 658. List the prime factors of f.
3
Suppose 79*d - 78*d = -3*u + 3570, -3*d - u + 10694 = 0. List the prime factors of d.
2, 3, 11
Let w be (-1209)/(-91) + (-4)/14. Let m = 18 - w. Suppose 4*j = -2*z + 130, -m*z + 25 + 0 = 0. List the prime factors of j.
2, 3, 5
Suppose -6*j + 20 = -j. Suppose -3*y - m - j = -36, -5*y + 3*m + 44 = 0. Let u(q) = 4*q + 5. List the prime factors of u(y).
3, 5
Let o(s) = -s**2 - 12*s - 3. Let g be o(-9). Suppose 0 = -19*w + g*w - 80. Let f = 30 + w. List the prime factors of f.
2, 23
Let u(y) = 11*y**2 + 21. List the prime factors of u(4).
197
Let m be (-5530)/(-15) + 5/15. Suppose -15*c = -18*c + m. List the prime factors of c.
3, 41
Suppose -4*b = -4*f + b + 1786, 908 = 2*f + 5*b. What are the prime factors of f?
449
Let w(l) = -3*l. Let v be w(-1). Let m(n) be the third derivative of n**4/8 - n**3/3 + 2*n**2. What are the prime factors of m(v)?
7
Let y be (-2)/(4/(-24)*2). Let q = y + -4. Suppose -3*f + 70 = q*j - 7*f, 0 = -3*f - 12. List the prime factors of j.
3
Suppose 3*x - 562 = -4*g + 377, 2*g = 6. Suppose 4*u = x - 73. What are the prime factors of u?
59
Let k(r) be the first derivative of r**3/3 + 39*r + 6. List the prime factors of k(0).
3, 13
Suppose 11*s - 1412 = 5177. List the prime factors of s.
599
Let x = -110 + 117. Let n(p) = 28*p + 23. List the prime factors of n(x).
3, 73
Let x be (-1 - -49) + (14 + 0)/(-7). Let c be (-4)/2 + (7 - 2). Suppose c*f + 8 + 10 = 2*k, f + x = 4*k. What are the prime factors of k?
2, 3
Suppose 12 = -3*f - 2*c, 5*c + 16 - 37 = f. Let a = 8 + f. Let g(h) = 2*h**2 - 2. What are the prime factors of g(a)?
2, 3
Let u be (-4)/18 + 137/9. What are the prime factors of 1/5 - (-822)/u?
5, 11
Suppose 0 = 16*k + 16*k - 3680. Suppose 0*d + 2*d = 40. Suppose -5*m = 2*f - k, -5*m - 30 = -f + d. List the prime factors of f.
5, 11
Let y(r) = 11*r**2 - r. Let l be y(1). Let n = l - 12. What are the prime factors of (0 + 2 - -46) + n?
2, 23
Suppose 4*x + 107 = -93. Let f = 4 - x. List the prime factors of f.
2, 3
Let i(q) = -q**3 + 38*q**2 + 138. List the prime factors of i(37).
11, 137
Let h(q) = q**3 + q**2. Let i(p) = 5*p**3 - 3*p**2 + p - 1. Let z(x) = 2*h(x) + i(x). What are the prime factors of z(1)?
2, 3
Suppose 2*q - 3*q = -4*p - 291, 2*q - 589 = p. List the prime factors of q.
5, 59
Suppose -5*f - 5*h = -10530, 0 = f - 30*h + 34*h - 2103. What are the prime factors of f?
7, 43
Let o(y) = y + 4. Let d be o(-7). Let h(q) be the first derivative of -q**4/2 - 4*q**3/3 + q**2 + 6*q - 1. What are the prime factors of h(d)?
2, 3
Let q = 913 + -605. List the prime factors of q.
2, 7, 11
Let s be (-1 + (-6)/(-4))/(32/320). Suppose 5*v - 2610 = -s*v. What are the prime factors of v?
3, 29
Suppose 4*v = 3*v. Suppose -4*b + 14 - 2 = v. Suppose -b*j = -35 - 1. What are the prime factors of j?
2, 3
Let t = 137 - 329. Let q = -39 - t. What are the prime factors of q?
3, 17
Let s(a) = 3*a + 20. Let h(u) = 3*u + 19. Let k(t) = 2*h(t) - 3*s(t). Let b be k(-8). What are the prime factors of 3/(-1) - (b + -54)?
7
Suppose p - 5 = s, -3*p - s + 6*s + 19 = 0. Suppose -4*x = 5*j - 416, 3*j - j = -p*x + 172. What are the prime factors of j?
2, 5
Let z = -2 + 3. What are the prime factors of (7 - 6)*z*80?
2, 5
Let h be (3 + -2)/(3/129). Let z be h - 2 - (0 - 0). What are the prime factors of z*-1*2/(-2)?
41
Let o(y) = -3*y - 9. Let z be o(-12). Let b be ((-1)/(-3))/(3/z). Suppose -b*p + 219 = 4*t, -t - 3*p - 213 = -5*t. List the prime factors of t.
2, 3
Suppose -2*l + 950 = 4*n, -3*l + 0*l - n = -1400. Suppose -2*k - 3*k = -l. Suppose -4*v + k = -v. List the prime factors of v.
31
Let u = -73 + 83. List the prime factors of (4/u)/((-21)/210) - -314.
2, 5, 31
Let f = -11 - -38. Suppose -k - h = -f, 4*k + 2*h - 100 = 6*h. What are the prime factors of k?
2, 13
Suppose -13 = -4*u + 3*w, 4*u - 6*w = -2*w + 16. List the prime factors of 1/(5*u/285).
3, 19
Let k(h) be the third derivative of 19*h**5/10 - h**4/8 + 12*h**2. Let g be k(4). List the prime factors of g/48 - (-1)/4.
2, 19
Let q be 568/22 - (-14)/77. Suppose 4*o = 2*m + q, -m = o - 5*m - 17. Suppose o*l + 6 = 171. List the prime factors of l.
3, 11
List the prime factors of 9*20/18 - -1621.
7, 233
Let q(y) = y**3 + 5*y**2 - 8*y - 9. Let t be -1 + -5 - (-2 + 2). Let c be q(t). Suppose 2*u + c*l - 28 = -0*u, -4*u - l + 76 = 0. List the prime factors of u.
2, 5
Suppose 0 = 13*d - 20*d + 882. List the prime factors of d.
2, 3, 7
Let q(f) = -3*f - 4. Let j be q(-8). Suppose 161 = 3*k + j. What are the prime factors of k?
47
Suppose -2*t + 2*o + 1 + 15 = 0, -5*t = 2*o - 40. What are the prime factors of (-8)/t + 63/1?
2, 31
Suppose -a = -4*f - 29, -2*a + 2*f = -4*a + 18. Let n = a - 8. Suppose -k + n = 0, -2*k = -0*m - 4*m + 62. List the prime factors of m.
2, 3
Suppose 327 = 11*h - 91. List the prime factors of h.
2, 19
List the prime factors of (0 + (-4316)/6)/(78/(-117)).
13, 83
List the prime factors of 46953/54 + ((-14)/(-4) - 2).
13, 67
Let r be ((-2)/(-4))/(3/12) - -28. Suppose -4*t + r + 34 = 0. List the prime factors of t.
2
What are the prime factors of (9/3)/(-1) + 27370/14?
2, 61
Let b(n) = -3*n + 11. Let i be b(12). Let v = i + 18. What are the prime factors of 4/14 - 194/v?
2, 7
Let c be (-1170)/(-14) + 6/14. List the prime factors of (29/(-4))/((-7)/c).
3, 29
Suppose -7 + 0 = t. Let d(o) = -o**3 + 10*o + 2. List the prime factors of d(t).
5, 11
Suppose 3*h - 4*h - 3 = -4*t, -5*t - 5*h = -35. Let s(p) = 1 + 3*p**t - 3*p + 0 + 2. What are the prime factors of s(3)?
3, 7
Let g(q) = -q**3 - 7*q**2 - 7*q - 1. Let k be g(-6). Suppose -4*n - 525 = -5*x + n, 2*x + k*n - 196 = 0. What are the prime factors of x?
103
Suppose 12 = 4*r, -5*w + w - r - 21 = 0. List the prime factors of 99/w*(-42)/9.
7, 11
Let j = 116 + -65. Let s = 115 + j. What are the prime factors of s?
2, 83
Let d(x) = -x**2 + 7*x - 6. Let f(z) = -z**2 - z - 1. Let q(m) = -d(m) + 2*f(m). Suppose 4*i = i - 21. List the prime factors of q(i).
2, 3
Let w(t) = -t**2 + 5*t - 2. Let p be w(2). Suppose 6 = p*a + 2, -i - 2*a = -35. List the prime factors of i.
3, 11
Suppose -25 = -5*z + 50. Suppose -z*w = -0*w - 3915. What are the prime factors of w?
3, 29
List the prime factors of -20*10/20 - -76.
2, 3, 11
Let v(w) = 7 + 0*w**2 + 6 - 6 + w**2 + 6*w. Let m be v(-7). Suppose m = -0*c + c. What are the prime factors of c?
2, 7
Suppose -3*a = 3*h - 1206, -2*h - 2*a = -3*h + 393. List the prime factors of h.